(c).
0
Let p(f) be the first derivative of f**2/2 - 2*f + 26. Suppose -3*g = 3*k + 2 - 17, 4*g = 12. Let z be (-12)/8 + 9/k. Calculate p(z).
1
Let w(t) be the first derivative of t**2/2 + 15*t - 72. Give w(-8).
7
Let w(k) = 1 - 1 + 7*k - 4. Let j(x) = 20*x - 11. Let i(b) = 4*j(b) - 11*w(b). Let h(r) = -r + 2. Let y be h(4). Give i(y).
-6
Let b be (-6 - (-5 + -1))/2. Let n(p) = -p**3 - p - 32. Determine n(b).
-32
Let m be (3/4)/((-8)/(-352)). Let b = 27 - m. Let w(l) = -l**3 - 6*l**2 + 2*l + 2. Calculate w(b).
-10
Let r(s) = -2*s**2 - 13*s + 15. Let t(z) = 0*z + z**2 - 7 + 0*z - 3*z + 9*z. Let i(g) = -2*r(g) - 5*t(g). Let w be (-68)/11 + (-6)/(-33). What is i(w)?
-7
Let c(t) = -t**2 + 2*t - 2. Let h(s) = 5*s**2 - 12*s + 6. Let f(g) = 4*c(g) + h(g). Give f(7).
19
Let x(c) = c**3 + 3*c**2 + 2*c - 2. Suppose -2*j = -2*p + 10, -3*p + 5*j = -9 + 4. Suppose 5*i - 10 = p*i. What is x(i)?
-2
Let h(o) = -2*o - 14. Let a = -2311 - -2306. What is h(a)?
-4
Suppose -2*g + 3 = -3*u + g, 4*u = 3*g - 7. Let c(y) = y + 4. Let x be c(u). Let j(i) = -3 + 3 + i - 2 + x*i. What is j(-5)?
-7
Let h(o) = -3*o**2 - 4*o - 3. Let r(n) = -n**2 - n - 1. Let i(l) = h(l) - 5*r(l). Let y = 2 + 0. Suppose -5*w = -y + 12. What is i(w)?
8
Let m(g) be the second derivative of g**4/12 + 3*g**2/2 + 4*g. Suppose 3 = o - 0*o. Let y be 4*(o - (-36)/(-16)). Give m(y).
12
Let c(a) = 5*a - 16. Let f(z) = -2*z + 6. Let p(w) = -3*c(w) - 8*f(w). Let s be 2*(-2 + 21/6). Suppose -2*i + 0*m = -s*m + 18, 3*i + 14 = -2*m. Give p(i).
-6
Let m(n) = n**3 + 4*n**2 - 6*n + 34. Let v be m(-6). Let c(b) = -3*b**3 + b**2 + 3*b + 3. Determine c(v).
25
Let f(o) = o + 89 - 75 + 0*o. Give f(-14).
0
Suppose -3*a + 3*x - 18 = 0, -4*a + 2*x - 36 + 16 = 0. Let d(p) be the third derivative of 0*p - 5/6*p**3 - 1/30*p**5 + 0 - 7/24*p**4 + 17*p**2. Determine d(a).
-9
Let h(f) = -11982*f**2 + 11987*f**2 + 2 - f**3 + 6*f - 4. What is h(6)?
-2
Let s(r) be the first derivative of -r**4/4 - 8*r**3/3 + 4*r**2 - 13*r + 14. What is s(-9)?
-4
Let a(b) = -b**2 + 10*b - 1. Suppose -3 = -2*n + 17. What is a(n)?
-1
Let j = -2/415 - -836/1245. Let k(w) be the third derivative of j*w**3 + 0*w - 6*w**2 + 0 - 1/24*w**4. Determine k(0).
4
Let b(k) = -42*k**2 - 9*k + 8. Let i(r) = 4*r**2 + 2*r - 1. Let w(g) = b(g) + 6*i(g). Calculate w(-1).
-19
Let u(h) = -1 + 19*h**2 - 58*h**2 + 19*h**2 + 12*h**3 + 2 + 18*h**2. Determine u(-1).
-13
Let w(a) = -a + 2. Let s(i) be the first derivative of -3*i**2/2 + 4*i + 5. Let y be s(3). Let m = y - -8. Calculate w(m).
-1
Suppose -19 + 11 = -2*d. Let l(m) = 6*m**2 + m - d + 4*m + 3*m - m - m**3. Let r be l(7). Let x(j) = -j**2 - 5*j + 2. What is x(r)?
6
Let l be (-456)/78 + 4 + 4/(-26). Let d(p) = 3*p + 3. Determine d(l).
-3
Let r(k) be the second derivative of 0 - 7*k - 1/3*k**3 + 5/2*k**2. Give r(7).
-9
Suppose -2*p - 120 = -26*p. Let s(g) be the first derivative of g**4/4 - 2*g**3 + 7*g**2/2 - 3*g - 1. Give s(p).
7
Let s(o) = 158 - 34 - 56 + 2*o - 44. Give s(-9).
6
Let m(g) = g**2 - 5*g - 7. Let r(a) = a**2 - 4*a - 6. Let h(c) = -5*m(c) + 6*r(c). Calculate h(0).
-1
Let r(z) = -z**2 - z - 8. Let p = -497 - -497. What is r(p)?
-8
Suppose 2*o - 7*o - 23 = 2*q, o + 9 = 4*q. Let u(s) = s**3 + 5*s**2 + s + 3. Determine u(o).
-2
Let s(t) = -2*t + 2 - 3 - 3*t. Let c(b) = -3*b**2 - 17*b + 8. Let r be c(-6). Suppose 2*j - u + 2*u - 5 = 0, 0 = -r*j + 2*u - 4. Calculate s(j).
-6
Let f(p) be the third derivative of 1/24*p**4 - p**2 + 4/3*p**3 + 0 + 0*p + 1/60*p**5. Suppose -60483*x = -60461*x. Calculate f(x).
8
Let l(j) = -16*j**2 - 19*j - 14. Let a(s) = 7*s**2 + 9*s + 7. Let q(v) = 7*a(v) + 3*l(v). Let z = -8 + 2. Give q(z).
7
Let u(m) be the third derivative of -m**5/10 - m**4/24 + m**3/6 + 356*m**2. Calculate u(3).
-56
Let l(n) = n**3 - 15*n**2 + 13*n + 4. Let f be l(14). Let h(z) = z**2 + 12*z + 14. Calculate h(f).
-6
Let y be -9*(5/15 - 0). Let b be (7/56 + y/(-8))*-6. Let x(g) = -3*g - 4*g**2 - 4*g**3 - 3 - 2*g**3 + 5*g**3. Calculate x(b).
-3
Suppose -7*o - 36 = 5*o. Let k be ((-1 - -2)*o)/(-15 + 14). Let n(a) = a**2 - a + 4. What is n(k)?
10
Let r(v) = 10 + 2*v - v - 5 + 7. Let c be (0 - 0)*(-71 + 70). Determine r(c).
12
Let c be (-8)/(1 + -3) + (-525)/75. Let s(r) = -7*r**2 - 3*r - 2. Determine s(c).
-56
Let g(f) = 7*f - 14. Let m be g(8). Suppose 0 = u - 2*c - 14, m = 3*u - 2*c + 6*c. Let q(s) = -3*s + 13 - u + 4*s. Give q(1).
0
Let d(r) = 3*r - 1. Let n = -23 - -43. Suppose 0 = -80*z + 85*z - n. Give d(z).
11
Let d be ((-33)/9 - -3)*-6. Suppose 4*o - d = -0*o. Let u(r) = -5*r**2 + r - 1. What is u(o)?
-5
Let z = -11 + 37. Suppose -3*a = -d - z, 14 = a + 2*d - d. Suppose k + 3 = m, -3*m - a = 2*m. Let s(x) = x + 4. Calculate s(k).
-1
Let z(t) = t**2 + 59*t - 117. Let c be z(-61). Let j(f) = -5*f + 2*f + 5 + 0*f. Calculate j(c).
-10
Let a be 28/6 - (-14)/(-21). Let u(m) = -11*m + 8*m - 3 - a*m + 5. What is u(2)?
-12
Let s(y) = -y**2 + 8*y - 9. Let d be s(5). Suppose d*r = r. Suppose r = 4*z - 2*z - 5*m - 12, -3*z = -4*m - 18. Let b(n) = -n - 2. Give b(z).
-8
Let f(z) be the second derivative of 1/6*z**3 + 0 - 21*z - 2*z**2. Calculate f(2).
-2
Let g(i) be the second derivative of i**5/60 + 11*i**4/24 - 2*i**3/3 + 25*i**2/2 - 47*i. Let j(z) be the first derivative of g(z). What is j(-11)?
-4
Suppose i - j = -6, 27 = -5*i + j + 5. Suppose 9 = -0*m + 3*m. Let b(g) = g**2 - 4 + 5*g + 0 + m + 2. What is b(i)?
-3
Let s(f) = 6*f**2 + 51*f + 51. Let i be s(-1). Let j(o) be the third derivative of i*o**2 + 1/3*o**3 + 1/20*o**5 + 1/8*o**4 + 0 + 0*o. Determine j(-2).
8
Let p be 2/(-4)*(-13 - -21). Let t(u) = u**2 + 7*u + 10. Let q be t(p). Let f(a) = -a**2 - 6*a - 3. Determine f(q).
5
Let u(c) = c**3 - 9*c**2 + 11*c - 6. Let f = 229 + -221. Calculate u(f).
18
Suppose -20*j + 178 - 38 = 0. Let k(f) = -f**3 + 6*f**2 + 6*f + 10. Determine k(j).
3
Suppose 49 = 3*d - 47. Let a = -31 + d. Let k be a/1 - (0 + 1). Let h(w) = w**2 - w + 5. Calculate h(k).
5
Let a(d) = -2*d**3 + 19*d**2 - 5*d**2 - 15*d**2 - 3*d**2. Determine a(-3).
18
Let l(g) be the third derivative of 7*g**2 + 0*g - 1/24*g**4 - 5 - 1/2*g**3. Suppose 4*o - 1 = -m, 2*m + 14 + 8 = 4*o. Give l(m).
4
Let a(b) = b**3 - 5*b**2 - 5*b - 7. Let c(n) = -12*n - 21. Let k(x) = -x + 1. Let i(m) = c(m) - 9*k(m). Let z be i(-12). Give a(z).
-1
Let q(x) be the first derivative of x**4/12 + x**3/6 + x**2 + 2*x + 15. Let i(s) be the first derivative of q(s). Give i(-2).
4
Let m(t) = 4*t + 3. Let c = 36 - 51. Let j = -18 - c. Give m(j).
-9
Let u(v) = v**2 - v + 1. Let k(s) = s**3 - 2*s**2 + s. Suppose 0 = 2*w + 3*q - 1, -4*w + 3*q + 11 = -0*q. Suppose -4 - w = -3*z. Let l be k(z). Determine u(l).
3
Let r be 0*1/(-3) + 6. Let b(j) = j**2 - 2*j - 35. Let z be b(7). Suppose z = -p + r*p + 40. Let w(k) = -k**3 - 8*k**2 + k + 1. What is w(p)?
-7
Suppose 3*v - 3*j = 3, -5*v - 25*j + 5 = -23*j. Let l(z) = z - 4. What is l(v)?
-3
Let w be -5*6/(20/(-3 - 1)). Let g(q) be the second derivative of q**5/60 - q**4/3 + q**3 - 2*q**2 - q. Let h(m) be the first derivative of g(m). Give h(w).
-6
Let h be ((-4)/(-10))/(6*6/180). Let q = 13 + -8. Let k(p) = q + 2*p - 4 - 7*p + 0. What is k(h)?
-9
Let q(v) = 11*v + 15. Suppose -18*b + 14*b = -2*r - 2, 2*b + 2*r = -14. Give q(b).
-7
Let x(p) be the first derivative of -p**3/3 - 3*p**2 + 4*p + 2. Let y = -26 + 28. Suppose -y*u = -q - 1 + 10, 0 = -2*u + 4*q. Calculate x(u).
4
Let o(z) = 6*z + 7*z + 11*z - 27*z + z**2 - 3 + 5*z. Let m(l) = -5*l**3 - l**2 + l. Let r be m(1). Calculate o(r).
12
Let c(l) = 24*l**2 - 43*l - 19. Let m(x) = -11*x**2 + 21*x + 9. Let q(i) = 6*c(i) + 13*m(i). Calculate q(-17).
37
Let d be (14 + -22)*2*-1. Suppose 5*l = t + 2*t - 33, -3*l - 2*t - d = 0. Let w(u) = u**2 + 4*u + 3. What is w(l)?
15
Let p(q) = -5*q - 7. Let i(b) = -3*b. Let n(m) = 2*i(m) - p(m). Determine n(-5).
12
Let j(p) = -3*p + 1. Let g = -142 - -146. Give j(g).
-11
Let t(p) be the first derivative of p**4/8 - 7*p**3/3 - 25*p**2/2 - 3. Let h(s) be the second derivative of t(s). Give h(6).
4
Let k(v) = -v**2 - v + 1. Let x(d) = -4*d**2 - 9*d + 12. Suppose 0*r - 15 = 5*r. Let y(s) = r*k(s) + x(s). Give y(-7).
2
Let c(u) = -34*u**2 + 20*u - 25. Let w(r) = 8*r**2 - 5*r + 6. Let x(b) = -2*c(b) - 9*w(b). What is x(3)?
-25
Let y(t) = -4 - 15*t**3 + 8*t + 6*